k - 2134. Calculate p(-10).
366
Let j(o) = o**3 + 9*o**2 + 1502*o + 21235. Give j(-14).
-773
Let w(r) = -277*r + 91503. Give w(334).
-1015
Let v(b) = 6*b**3 - 104*b**2 - 103*b + 746. What is v(18)?
188
Let k(d) = -d**3 + 1304*d**2 - 31972*d - 81. Determine k(25).
-6
Let j(v) = -4*v**3 + 1270*v**2 - 6864*v. What is j(312)?
0
Let i(q) = 1678*q + 191286. Calculate i(-114).
-6
Let d(z) = -2*z**2 + 6237*z - 2731452. Calculate d(527).
-11
Let w(f) = 3*f**2 + 388*f - 4309. Give w(11).
322
Let t(o) = 28*o**2 - 292*o + 235. Determine t(10).
115
Let b(m) = 4*m**2 + 30591*m + 335978. What is b(-11)?
-39
Let b(u) = 483*u**2 - 2770*u + 11. What is b(6)?
779
Let z(w) = 3*w**2 + 25*w - 1671. What is z(-35)?
1129
Let y(p) = 22*p**2 - 34*p - 12. Determine y(4).
204
Let c(h) = -4*h**3 - 454*h**2 - 643*h + 3228. Determine c(-112).
-20
Let c(d) = -19450*d + 252792. Determine c(13).
-58
Let k(g) = -12874*g - 90941. Give k(-7).
-823
Let m(f) = -11*f**2 + 1225*f - 5924. What is m(5)?
-74
Let a(b) = 3285*b - 170892. Determine a(52).
-72
Let w(i) = 485*i + 20824. Give w(-43).
-31
Let j(s) = -1524*s - 59961. Give j(-39).
-525
Let h(t) = 182116*t + 2185393. What is h(-12)?
1
Let v(y) = -y**3 + 131*y**2 - 630*y + 412. Determine v(126).
412
Let o(h) = 200*h**2 + 8321*h + 4963. Calculate o(-41).
2
Let a(k) = -k**3 + 46*k**2 + 3439*k + 510. What is a(86)?
424
Let o(h) = 2470*h - 4974. What is o(2)?
-34
Let r(u) = 98*u**2 + 723*u + 44. Determine r(-8).
532
Let a(l) = 10*l - 1179. Calculate a(42).
-759
Let a(c) = -12*c**3 + 1056*c**2 - 7664*c - 1298. Give a(80).
-18
Let o(g) = 3*g**3 - 25*g**2 + 35. Determine o(8).
-29
Let k(r) = r**3 + 32*r**2 + 24*r - 2213. What is k(-28)?
251
Let u(d) = 8*d**2 - 991*d - 8441. Determine u(-8).
-1
Let f(p) = -1220*p - 18268. What is f(-15)?
32
Let i(p) = -p**3 - 194*p**2 + 10190*p - 203. Calculate i(-237).
34
Let a(x) = x**3 - 47*x**2 + 4757*x - 210068. Give a(45).
-53
Let l(z) = 231887*z + 2086977. Determine l(-9).
-6
Let k(y) = 836*y + 315810. Calculate k(-378).
-198
Let m(u) = u**2 - 2056*u - 33165. Calculate m(-16).
-13
Let j(m) = 615*m - 932. Give j(1).
-317
Let h(v) = v**3 + 20*v**2 - 570*v - 7080. Give h(-12).
912
Let v(k) = -k**2 + 94*k + 888. Give v(-11).
-267
Let l(x) = 90*x**2 - 4211*x - 29579. What is l(53)?
48
Let t(u) = -4*u**2 - 986*u + 10776. Determine t(-257).
-18
Let m(w) = -287*w - 419. Give m(-1).
-132
Let h(n) = 159*n - 2399. Calculate h(8).
-1127
Let m(o) = 4*o**2 - 41*o - 354. Give m(16).
14
Let v(q) = -33*q**2 - 6478*q + 4011. Calculate v(-197).
-520
Let p(w) = -12*w**3 - 15312*w**2 + 227*w + 289649. Calculate p(-1276).
-3
Let y(d) = -5*d**2 - 11955*d - 35842. Determine y(-3).
-22
Let n(b) = 8*b**3 - 854*b**2 + 20561*b + 1330. Determine n(70).
0
Let r(j) = -2*j**2 - 6029*j + 36182. Determine r(6).
-64
Let r(d) = d**2 + 1227*d + 63359. Calculate r(-54).
17
Let t(y) = 2551*y - 54812. Calculate t(20).
-3792
Let q(i) = 390*i**2 - 1076*i - 3. Determine q(3).
279
Let x(t) = 4*t**2 + 140*t - 1169. Determine x(-42).
7
Let m(l) = -1462*l + 118380. Calculate m(81).
-42
Let j(x) = 10*x**2 + 10001*x + 29989. Calculate j(-3).
76
Let u(f) = -5995*f + 1139020. Give u(190).
-30
Let g(d) = 51*d**2 - 22552*d + 4431. Determine g(442).
11
Let o(y) = -10*y**2 + 699*y + 3689. Determine o(-5).
-56
Let o(a) = 1260*a - 177666. Determine o(141).
-6
Let s(u) = -u**3 - 82*u**2 + 107*u + 1989. Give s(-83).
-3
Let c(m) = -m**2 - 60*m + 644. Calculate c(-78).
-760
Let y(q) = -165648*q + 1325169. Calculate y(8).
-15
Let r(a) = a**2 + 1732*a + 36086. What is r(-21)?
155
Let i(d) = -35481*d - 2057875. Calculate i(-58).
23
Let a(g) = -2*g**3 - 3*g**2 + 92*g + 108. Calculate a(7).
-81
Let m(l) = l**2 + 1819*l + 827000. What is m(-893)?
82
Let g(n) = -n**2 + 208*n - 6681. Give g(167).
166
Let z(r) = -r**2 - 635*r - 44707. Calculate z(-73).
-3681
Let r(y) = 18*y**3 - 3*y**2 + 484*y - 953. Give r(2).
147
Let g(y) = -2*y**3 - 53*y**2 + 162*y + 525. Calculate g(-29).
32
Let j(m) = 605*m - 13703. What is j(22)?
-393
Let o(p) = -p**2 - 114*p + 1156. Calculate o(-118).
684
Let b(t) = -7066*t + 63383. Calculate b(9).
-211
Let d(a) = -4*a**2 + 2735*a + 1393657. Calculate d(1024).
-7
Let r(x) = 2*x**3 - 111*x**2 + 43*x + 460. Determine r(55).
-200
Let z(d) = 453788*d + 453817. Determine z(-1).
29
Let s(x) = 2*x**3 - 103*x**2 - 145*x + 10022. Calculate s(51).
26
Let d(g) = g**2 - 806489*g + 20161594. Give d(25).
-6
Let o(q) = 3378391*q + 20270351. What is o(-6)?
5
Let m(d) = -9*d**3 + 373*d**2 + 549*d + 2176. Determine m(43).
-103
Let s(i) = 4333*i + 4301. Determine s(-1).
-32
Let k(x) = 35*x**2 + 1243*x - 6237. Calculate k(5).
853
Let t(m) = -18458*m - 3174721. What is t(-172)?
55
Let k(f) = -f**3 + 7*f**2 + 1258*f + 178. What is k(-32)?
-142
Let c(v) = v**2 - 2908*v - 26175. What is c(-9)?
78
Let t(j) = j**2 + 99*j + 1221. Give t(-16).
-107
Let u(k) = 2*k + 389. Determine u(-18).
353
Let k(y) = -y**2 - 518554*y + 4148490. Calculate k(8).
-6
Let z(l) = -22*l - 1878. Give z(-86).
14
Let a(y) = 5795*y**2 - 133371*y + 1980. Give a(23).
2
Let i(h) = -2*h**2 - 111*h - 534. Calculate i(-6).
60
Let t(s) = 36731*s + 110506. Calculate t(-3).
313
Let z(s) = 110315*s - 551579. Calculate z(5).
-4
Let l(g) = 5723*g + 28501. What is l(-5)?
-114
Let j(b) = -4*b**2 + 729*b - 31901. Calculate j(109).
36
Let w(p) = p**3 - 158*p**2 - 311*p + 49120. Calculate w(158).
-18
Let s(t) = -25834*t + 14260375. What is s(552)?
7
Let r(q) = -q**2 - 245*q + 5288. Calculate r(20).
-12
Let t(s) = 1596*s + 54321. Determine t(-34).
57
Let a(o) = -63*o**2 - 2262*o - 20029. Determine a(-20).
11
Let n(y) = -y**2 + 220*y - 13441. What is n(100)?
-1441
Let o(b) = b**3 - 21*b**2 - 4405*b + 92798. Give o(21).
293
Let s(o) = -82475*o - 824747. Give s(-10).
3
Let v(d) = 2*d**2 - 429*d + 9757. Calculate v(25).
282
Let y(s) = -19*s**3 - 38*s**2 - 19*s + 126. Give y(3).
-786
Let r(g) = -2*g**2 + 21154*g + 126932. What is r(-6)?
-64
Let c(k) = -k**2 + 458*k - 21358. Give c(53).
107
Let z(t) = 3440*t - 17097. Determine z(5).
103
Let i(x) = -61859*x + 61804. Determine i(1).
-55
Let t(f) = f**2 - 97*f + 1191. Calculate t(12).
171
Let v(d) = -d**3 - 4*d**2 + 66*d - 393. Calculate v(0).
-393
Let h(n) = 66851*n + 133707. Determine h(-2).
5
Let d(v) = 7*v**3 + 27*v**2 + 104*v + 156. Determine d(-2).
0
Let i(f) = -f**3 + 579*f**2 + 783*f - 786676. Determine i(578).
-18
Let o(k) = k**2 - 296*k - 24695. Determine o(-70).
925
Let w(n) = -27515*n - 220095. Determine w(-8).
25
Let o(w) = -2222*w - 364466. Calculate o(-164).
-58
Let s(a) = 249*a - 21821. Calculate s(88).
91
Let n(f) = -32*f**2 - 1365*f + 450. What is n(-43)?
-23
Let n(o) = -o**3 - 161*o**2 + 660*o - 372. Calculate n(-165).
-372
Let o(z) = -z**3 + z**2 + z + 124. Give o(0).
124
Let l(n) = 144*n**2 + 91*n + 14. Give l(-1).
67
Let r(a) = -13*a**3 - 321*a**2 + 2081*a + 264. Determine r(-30).
-66
Let c(q) = -931*q - 91239. Calculate c(-98).
-1
Let b(w) = -337*w**2 + 4344*w + 23. Calculate b(13).
-458
Let z(m) = 219359*m + 1535621. Give z(-7).
108
Let f(a) = 738437*a + 4430598. What is f(-6)?
-24
Let b(r) = 166570*r + 5. Give b(0).
5
Let g(s) = -s**2 - 813*s + 338141. Give g(303).
-7
Let j(r) = 5*r**2 - 188*r - 10030. Determine j(-29).
-373
Let r(f) = -5054*f + 20094. Give r(4).
-122
Let x(q) = 3*q**3 + 5*q**2 - 44*q - 559. Calculate x(6).
5
Let x(w) = -2*w**2 - 893*w - 84116. Calculate x(-135).
-11
Let b(y) = 6*y**2 + 83*y - 2574. What is b(15)?
21
Let y(t) = -19533*t + 117150. Calculate y(6).
-48
Let b(i) = -i**2 - 61*i - 709. Give b(-67).
-1111
Let u(x) = -11609*x - 66191. Calculate u(-6).
3463
Let c(b) = -31*b**2 + 7688*b - 22. Determine c(248).
-22
Let h(w) = -6*w**2 + 1058*w + 19746. What is h(-17)?
26
Let h(z) = 650346*z - 3902073. Calculate h(6).
3
Let w(j) = -21010*j - 819396. Calculate w(-39).
-6
Let v(a) = 10688*a + 64129. Give v(-6).
1
Let i(v) = -v**3 + 8*v**2 + 79*v + 364. Determine i(-5).
294
Let c(w) = -w**2 - 4873*w - 179019. Give c(-37).
-87
Let s(f) = 2*f**2 - 1794*f - 2015511. Calculate s(1548).
-15
Let m(h) = -2*h**2 - 4987*h + 911232. Calculate m(171).
-27
Let u(k) = 13*k**3 + 10*k**2 + 202*k + 610. Calculate u(-3).
-257
Let f(z) = 28*z**2 + 1250*z + 35. What is f(-44)?
-757
Let r(m) = 2541*m + 206453. Give r(-81).
632
Let x(t) = 7*t**3 